{"version":"1.0","provider_name":"HRTRENDS","provider_url":"https:\/\/empresas.infoempleo.com\/hrtrends","author_name":"infoempleo","author_url":"https:\/\/empresas.infoempleo.com\/hrtrends\/autor\/infoempleo\/","title":"Los responsables de RRHH opinan: Gas Natural Fenosa | HRTRENDS","type":"rich","width":600,"height":338,"html":"<blockquote class=\"wp-embedded-content\" data-secret=\"Dn1BFnUjKa\"><a href=\"https:\/\/empresas.infoempleo.com\/hrtrends\/los-responsables-de-rrhh-opinan-gas-natural-fenosa\/\">Los responsables de RRHH opinan: Gas Natural Fenosa<\/a><\/blockquote><iframe sandbox=\"allow-scripts\" security=\"restricted\" src=\"https:\/\/empresas.infoempleo.com\/hrtrends\/los-responsables-de-rrhh-opinan-gas-natural-fenosa\/embed\/#?secret=Dn1BFnUjKa\" width=\"600\" height=\"338\" title=\"\u00abLos responsables de RRHH opinan: Gas Natural Fenosa\u00bb \u2014 HRTRENDS\" data-secret=\"Dn1BFnUjKa\" frameborder=\"0\" marginwidth=\"0\" marginheight=\"0\" scrolling=\"no\" class=\"wp-embedded-content\"><\/iframe><script type=\"text\/javascript\">\n\/* <![CDATA[ *\/\n\/*! This file is auto-generated *\/\n!function(d,l){\"use strict\";l.querySelector&&d.addEventListener&&\"undefined\"!=typeof URL&&(d.wp=d.wp||{},d.wp.receiveEmbedMessage||(d.wp.receiveEmbedMessage=function(e){var t=e.data;if((t||t.secret||t.message||t.value)&&!\/[^a-zA-Z0-9]\/.test(t.secret)){for(var s,r,n,a=l.querySelectorAll('iframe[data-secret=\"'+t.secret+'\"]'),o=l.querySelectorAll('blockquote[data-secret=\"'+t.secret+'\"]'),c=new RegExp(\"^https?:$\",\"i\"),i=0;i<o.length;i++)o[i].style.display=\"none\";for(i=0;i<a.length;i++)s=a[i],e.source===s.contentWindow&&(s.removeAttribute(\"style\"),\"height\"===t.message?(1e3<(r=parseInt(t.value,10))?r=1e3:~~r<200&&(r=200),s.height=r):\"link\"===t.message&&(r=new URL(s.getAttribute(\"src\")),n=new URL(t.value),c.test(n.protocol))&&n.host===r.host&&l.activeElement===s&&(d.top.location.href=t.value))}},d.addEventListener(\"message\",d.wp.receiveEmbedMessage,!1),l.addEventListener(\"DOMContentLoaded\",function(){for(var e,t,s=l.querySelectorAll(\"iframe.wp-embedded-content\"),r=0;r<s.length;r++)(t=(e=s[r]).getAttribute(\"data-secret\"))||(t=Math.random().toString(36).substring(2,12),e.src+=\"#?secret=\"+t,e.setAttribute(\"data-secret\",t)),e.contentWindow.postMessage({message:\"ready\",secret:t},\"*\")},!1)))}(window,document);\n\/* ]]> *\/\n<\/script>\n","thumbnail_url":"https:\/\/empresas.infoempleo.com\/hrtrends\/media\/2016\/09\/Responsables-de-RRHH-Gas-Natural-Fenosa.png","thumbnail_width":881,"thumbnail_height":436,"description":"Alberto Cabellos, Director de Gobierno RRHH de Gas Natural Fenosa, es el encargado de analizar en este sexto art\u00edculo de la serie \"Los Responsables de RRHH opinan\" el momento por el que atraviesa actualmente el sector energ\u00e9tico en materia de empleo en Espa\u00f1a, y los nuevos retos a los que tendr\u00e1n que enfrentarse en los pr\u00f3ximos a\u00f1os."}

Alberto Cabellos, Director de Gobierno RRHH de Gas Natural Fenosa, es el encargado de analizar en este sexto artículo de la serie "Los Responsables de RRHH opinan" el momento por el que atraviesa actualmente el sector energético en materia de empleo en España, y los nuevos retos a los que tendrán que enfrentarse en los próximos años.
